t is 6 - ((0 - (-2 + 2)) + 3)?
3
What is the value of 6 + -12 - (-2 + -4)?
0
Calculate 4 + (-1 - (-2 - -3)) - 0.
2
Evaluate 3 + (-4 - (-4 - -3)) + -3.
-3
What is the value of 0 - (7 + -4 + 2 + -1)?
-4
What is 2 - (6 - (5 + -2)) - -6?
5
What is the value of (7 - 1) + -4 + (5 - 2)?
5
What is the value of -3 - (-3 - (2 + -3) - 2)?
1
What is 4 + (-52 - -37) + (6 - 0)?
-5
What is 19 - 17 - (3 + -7 + -3)?
9
Calculate -1 + (2 - 4) + 1 - -2.
0
What is 0 + 0 + (0 - 1)?
-1
What is (5 - 8 - -7) + -10?
-6
What is -6 + 5 - (-2 + -1) - 6?
-4
(8 - (-3 + -2 + 10)) + 1
4
Calculate 10 - 6 - (-13 - -11).
6
Evaluate -5 + 3 + (-2 - -3).
-1
What is 13 - (10 - 3 - 4)?
10
Evaluate 6 + -1 + (-11 - 1) + 5.
-2
Evaluate (-6 - (-4 + 2 + -2)) + -2.
-4
-3 + 0 + 11 + -3
5
What is 4 + 0 + 0 - 6?
-2
Calculate -3 - -8 - (4 + (-1 - 0)).
2
What is the value of (13 - 12) + 4 + -1?
4
What is the value of (-2 - (2 + 0) - 0) + 1?
-3
1 - (0 - (-4 - 0))
-3
What is 9 + (-1 - 4) - 0?
4
(8 - 3 - 7) + (-1 - 0)
-3
What is the value of -3 - (0 + 4 + -8)?
1
Evaluate 5 + (3 - 3) + -3.
2
Evaluate -2 + 6 + -4 + 3 + 0.
3
Evaluate (-2 - -8 - 4) + (0 - 5).
-3
1 + (-5 + 4 - -3)
3
-4 - (4 + (0 - 5 - 5))
2
-4 + 6 + -4 + 8
6
Calculate 4 - (0 + 2) - (-3 - -1).
4
Calculate 2 + -3 + (3 - 2).
0
Evaluate -2 - 7 - -6 - (0 - 2).
-1
What is the value of -1 - (-6 + 3 + 7)?
-5
-3 - (-2 + -3) - 4
-2
Calculate -2 - (3 + (-2 - (0 - 2))).
-5
What is the value of (1 - -2) + -1 + 4 + -12?
-6
-4 - (-4 + 1) - 0
-1
Calculate (1 - 5) + 0 + 1 + 7.
4
3 - (3 + -2 + -1)
3
What is 7 - (1 + 5 + -2 + 0)?
3
Calculate (2 + -1 - -1) + (-47 - -45).
0
What is 3 - (0 + 2) - (-5 - -3)?
3
What is the value of 1 + -5 - (-9 - (-6 - -4))?
3
Evaluate (-1 - -7) + (92 - 100).
-2
What is the value of 1 + 3 - (-19 + 26)?
-3
Calculate 7 + (5 - 7) - 9 - 1.
-5
-7 - (5 + (-6 - -4) + -6)
-4
What is (7 - (4 - -6)) + 9?
6
What is 1 + -5 + (6 - 0)?
2
-9 + 16 + (-4 - 1)
2
What is the value of 10 + 10 + -4 + -3 + -7?
6
-11 + 13 + (-2 - -2 - 2)
0
What is -3 + (3 + -4 - (-5 + -1))?
2
Evaluate -1 + -2 - (6 + (-1 - 6)).
-2
0 - (6 - 3) - (-3 + 1)
-1
What is the value of -5 + 0 - (34 + -37)?
-2
What is the value of 1 + -4 - (-5 + 5 + 0)?
-3
2 - 0 - (-1 - (-2 - -2))
3
What is -4 - (-11 + 21 + -5)?
-9
What is the value of 6 + 1 + (0 - 7) + -5?
-5
Evaluate (1 - 1) + 6 + 1.
7
What is 3 + (-13 - -16) + (-6 - -2)?
2
8 - 2 - (-12 - -17)
1
What is -6 + 3 + -6 + 5?
-4
Calculate -3 - (-6 + -5 - -6).
2
What is the value of 8 - (14 + -27 - -13)?
8
What is the value of -16 + 5 + 5 - -13?
7
Evaluate 6 - (-3 + 14 + -3).
-2
(-1 - 1 - -4) + -3
-1
What is -8 + 6 + 0 + (5 - 0)?
3
(-23 - (-8 + 2)) + (-2 - -9)
-10
Calculate (-1 + 9 - -6) + -8.
6
What is the value of 393 + -385 + -6 + 1 + 1?
4
What is the value of 4 - (6 - 1) - -3?
2
Evaluate 7 + -5 + 3 + -4.
1
5 + 1 - (1 + 0)
5
What is (-4 - -7 - 0) + (13 - 10)?
6
What is the value of 4 + 1 + (7 + -3 - 10)?
-1
Calculate -1 + 3 + 2 + -7.
-3
Evaluate 15 + (3 + -7 - 3) + -11.
-3
What is the value of -13 + 2 + (64 - 60)?
-7
What is the value of (-1 - (-3 - (-2 + 3))) + -1?
2
(10 - (13 - 3)) + (1 - -5)
6
Evaluate 52 + -38 + 0 + -9.
5
What is the value of -7 + -2 + (-36 - -40)?
-5
Evaluate -1 - (4 - 9) - 5.
-1
4 + -6 + 9 + -4
3
Calculate (-2 - 5) + (17 - 12).
-2
-5 - 2 - -8 - -5
6
What is -1 - ((-1 - 4) + 6)?
-2
(2 - -1) + (-14 - -11)
0
Calculate 0 - -3 - ((-4 - 0) + 3).
4
What is the value of -3 + -8 + 5 + 8?
2
What is the value of 3 + 0 + -1 + 2?
4
(2 + -4 - -3) + -2 - -4
3
Calculate 15 - 9 - (0 + (-1 - -2)).
5
Evaluate -3 + (13 - 7) + -1.
2
What is the value of -5 + 1 + (-9 - (-7 - -1))?
-7
What is the value of -1 + (6 + -9 - -2)?
-2
1 + -1 + -1 + -3 + 4
0
Evaluate 2 + (10 - 14 - -6).
4
-3 + (4 - -3 - 1)
3
Calculate (5 - (0 - -6)) + -7 + 13.
5
Calculate -6 + 10 + (2 - 11).
-5
-3 + 13 + 2 + -7
5
What is 8 + 1 + 2 + -4?
7
Calculate (3 - 4) + 0 + 4 + -4.
-1
What is -1 + (-2 - (4 + -6))?
-1
What is the value of -2 + 3 + -2 + 6 + -4?
1
Evaluate (4 - 5) + (16 - 15).
0
Calculate 1 + -3 + 7 - 8.
-3
What is -2 + 4 + -2 + 3 + 0?
3
Calculate -24 + 16 + (-1 - -3).
-6
What is (-2 - -5) + -2 + 7 + -4?
4
2 - -2 - (1 - -4) - -4
3
-4 - ((6 + -2 - 9) + -1)
2
What is (-2 - (-4 - (-8 + 4))) + -1?
-3
Calculate -1 - (-4 + -3) - 8.
-2
Evaluate -4 - (5 - 4) - -3.
-2
What is -12 + (5 - (-7 - 0))?
0
What is -5 + (-10 - (-13 - -1))?
-3
What is 1 - ((2 - -1) + 0 + -2)?
0
-25 - -25 - (-1 - (4 - 0))
5
Calculate -6 + (13 + -11 + 4 - 2).
-2
What is (-2 - -1) + -18 + 24?
5
What is -1 + -2 + -1 + 6?
2
Evaluate 3 + 7 + (-4 - 9).
-3
Evaluate -2 + ((9 - 1) + -5 - 5).
-4
0 - (0 + 4) - -2
-2
(2 - 2) + (-28 - -29)
1
What is (7 - (0 - -9)) + (2 - 3)?
-3
Calculate -4 + 2 + 8 + -5 + 2.
3
(-4 - (0 - 4)) + 1
1
Evaluate -4 - (-1 - 1) - -5.
3
Calculate 4 - 2 - 1 - 6.
-5
What is the value of (-2 - (3 + -1)) + -3 + 3?
-4
Calculate (2 - -2) + -2 + 4.
6
What is 10 - ((-3 - -13) + -3)?
3
Evaluate (4 - 1) + 2 + -8.
-3
What is 8 + 4 + (-14 - -8)?
6
Calculate 9 + -1 + 16 + -18 - 3.
3
-6 + (6 - (1 - 1 - 4))
4
Evaluate -10 - (12 + -15) - (1 + -5).
-3
Evaluate -5 + (1 - (0 + -2)).
-2
0 + 1 - (-5 + (-2 - -14))
-6
Calculate (-21 - -5) + (1 - -5).
-10
(-2 - (-3 - -2)) + 4
3
What is (10 + -13 - (-3 + 0)) + 4?
4
Calculate (0 - (-4 - 1)) + -4.
1
3 - (1 + 11 - 4)
-5
Evaluate 0 + -3 + 6 + -3.
0
-5 + (1 - -1 - (-17 + 20))
-6
What is 1 + (2 - (-4 + 2) - 4)?
1
What is the value of 5 + -2 + 5 + -8 + -2?
-2
What is the value of 11 + -6 + (2 - 6)?
1
-2 + -3 + 3 + (-3 - -2)
-3
Evaluate 1 + -4 + (3 - 2) + 2.
0
What is the value of (-12 - (2 + -8)) + 8 - 0?
2
What is -2 - -5 - 6 - 0 - 2?
-5
Calculate -4 - (4 + -2 + -1) - 0.
-5
What is 6 - 13 - (-1 - 2)?
-4
Calculate (4 - 1) + (3 - 2).
4
What is the value of -2 + 2 + -5 + 7?
2
Calculate 0 + 5 + (-1 - (0 - 1)).
5
Calculate 2 - (8 + -8) - -3.
5
-22 - -26 - (3 + 0 + 2)
-1
Evaluate 4 - (-1 - (-4 + -1 - -1)).
1
What is 9 - 3 - (-5 - (-9 - 10))?
-8
What is the value of (1 - -1) + -13 + 10?
-1
1 + -1 + -5 + 4
-1
Evaluate (1 - 1) + 0 - 0.
0
Evaluate 0 - ((-7 - 0 - -5) + -5).
7
What is the value of 0 - (3 + -7) - (2 + 0)?
2
What is 9 - 0 - (2 + 2)?
5
What is the value of 3 + (9 - 10 - -2) - -7?
11
(13 - 11) + 2 + -3
1
Calculate 4 + 0 - (3 + 0) - -2.
3
What is the value of (0 + 4 - -5 - 6) + 2?
5
What is 0 + -4 - (-14 + (5 - -4))?
1
Evaluate -4 - (-6 + (3 - (-1 - -2))).
0
Calculate 4 - 4 - -1 - (-5 + 1).
5
1 - (4 + 1) - (60 - 65)
1
Evaluate 0 - (9 - 5) - (0 - 6).
2
-7 + -9 + 11 + (2 - 3)
-6
-5 - -4 - -4 - 2
1
What is 1 + (-6 - (-2 - 1)) + 3?
1
What is the value of -1 - -4 - (-44 - -45)?
2
What is the value of -20 - -23 - (-2 - -1)?
4
(-1 - (-3 - 1)) + 0
3
Calculate 0 + -9 + 5 + 3.
-1
What is (6 + -3 - (2 - -2)) + -3?
-4
What is -9 + 6 - -8 - (3 + 0)?
2
Calculate (-2 - -4) + 2 - (77 - 64).
-9
Evaluate -6 + 1 + -4 - -7.
-2
What is the value of -1 + 4 + (9 + -8 - 4)?
0
What is the value of 2 + -2 + -2 + 0 - -5?
3
Calculate 2 + 3 + 1 - (28 + -21).
-1
0 + -7 + 5 + -1
-3
Calculate 0 + -3 + (-1 + 4 - 1).
-1
Calculate 3 + 9 + -7 - 9.
-4
Evaluate 4 + -4 - 0 - 2.
-2
-1 + 1 + 2 - (58 + -65)
9
What is the value of (0 - 14) + (21 - 11)?
-4
What is the value of -354 - -357 - (0 - 0 - -4)?
-1
Calculate 5 - ((10 - 15) + (0 - 0)).
10
What is (-7 - (8 - 28)) + (2 - 8)?
7
What is 4 - (7 + -10 + 5)?
2
What is (-1 - 3) + 1 + -3?
-6
What is (10 - 11) + (2 - 4)?
-3
Evaluate (13 + -8 - 11) + (4 - -2).
0
What is the value of 7 - ((4 - 5) + -2 + 6)?
4
-10 - (10 - 25 - -7)
-2
Calculate (-7 - 0) + 3 + 5 + -6.
-5
What is the value of -3 + (4 - (-8 + 4))?
5
Calculate (6 + -11 + -2 - -6) + -4.
-5
Calculate -2 + 0 - (2 + -5 + 0).
1
-4 - (-9 - (-3 - 4))
-2
Evaluate 7 + -6 + (2 - 7).
-4
Calculate -2 - (-8 - (-2 + 3)).
7
-85 - -78 - (-2 + (-1 - 1))
-3
Evaluate 0 + (5 - (-1 - -4)) - 4.
-2
Calculate 8 - 4 - (1 + 11 + 0).
-8
2 + -3 + 3 + (-1 - 4)
-3
Evaluate (7 + -4 - 3 - -3) + 0.
3
Calculate (-4 - -2) + (2 - 1 - -2).
1
Evaluate -9 + 8 + -1 + 0.
-2
Calculate -8 + (5 - 0 - 0).
-3
Calculate (2 - (-1 - 0) - -2) + -1.
4
What is the value of -3 + 16 + -10 - 12?
-9
4 + 2 + 1 + (11 - 17)
1
What is the value of -17 + 21 - (2 + -1)?
3
Calculate -8 + -2 + 10 + (11 - 3).
8
What is -3 - ((-7 - -4) + 0 + 3)?
-3
Evaluate -18 - (-7 + (-7 - -3)).
-7
Evaluate 23 - 19 - (-2 - -11).
-5
What is 2 + -1 + (3 - 9 - -5)?
0
